
True
Suppose -5*w = -12*w. Is (-1 - w)*8844/(-12) a prime number?
False
Suppose -13*h + 40110 = -29453. Is h composite?
False
Let p = -54 - 3. Is p/(-19) - 409*-2 composite?
False
Let t(j) = -j - 17. Let x be t(-5). Let h be -3*((-1120)/x + 3). Let m = h - -498. Is m prime?
False
Let t(k) = k**3 + k**2 + 24*k + 19. Is t(8) prime?
True
Suppose 4*c = 2*y + 3436, -3*y - 1524 = -5*c + 2770. Suppose 250 = -3*q - k + c, 606 = 3*q - 3*k. Is q a prime number?
False
Let l(c) = c**3 + 9*c**2 + c + 6. Let n be l(-9). Is -2 + (-3)/9 + (-610)/n prime?
False
Is -1438*(2 + 9/(-6))*-1 composite?
False
Let f be ((-16)/40)/(0 + 2/(-10)). Is ((-894)/9)/f*-3 a prime number?
True
Suppose 5*i = 177 - 147. Let v(z) = 90*z + 25. Is v(i) a prime number?
False
Suppose -501 = -12*s + 9*s. Let l = s + -78. Is l a composite number?
False
Let v(m) = -m**2 + 3*m + 45. Let u be v(7). Suppose 0 = -u*d + 22*d - 795. Is d a prime number?
False
Let g(a) = a**3 + a**2 - 4 - 5*a**2 + 3*a**2 + 0*a**3 - 3*a. Is g(7) a composite number?
False
Let s(g) = g**3 - g**2 + g. Let d(q) = -q**3 + 17*q**2 + 22*q + 13. Let y(p) = -d(p) - 2*s(p). Is y(-18) composite?
True
Let i(q) = -q - 2. Let a be i(-4). Let p be 2 - -1 - (-3 + a). Is (2/p)/(7/1582) prime?
True
Is (-8)/24*-24861*1 + 0 a prime number?
True
Let i(r) = -r**3 + 56*r**2 + 34*r + 586. Is i(45) a prime number?
True
Let y = -1 - -7. Is (1 + (-2090)/6)*(-9)/y composite?
False
Let h be 1*(1 - (-30)/(-2)). Let a = h - -237. Is a composite?
False
Let h be (0 + -3)*(-15)/9. Let g(a) = -22*a**2 - 5*a + 4. Let z(j) = -2*j**2 + j - 1. Let r(m) = -g(m) + 6*z(m). Is r(h) a composite number?
True
Let t(c) = -955*c - 21. Is t(-4) a prime number?
False
Let h(r) = -9793*r**3 - 5*r - 5. Is h(-1) prime?
False
Suppose -2*w + 195 = 3*q, -q + 47 = -5*w - 1. Let z = 121 - q. Is z prime?
False
Let i = 17 - 22. Let r be (-14216)/i + (-6)/30. Suppose m = -5*a + r + 3208, 3*m = -12. Is a composite?
True
Suppose 10*k + 4 = 12*k. Suppose 0 = k*v + 3*v - 470. Is v a prime number?
False
Suppose k - 3*t - 30 = -3*k, k + 2*t - 2 = 0. Is -4 - (-2285)/15 - (-4)/k prime?
True
Let s(o) be the second derivative of o**5/10 - 5*o**4/6 - 11*o**3/6 + 11*o**2/2 + 4*o. Is s(8) a prime number?
True
Is 321/9 - 2*4/(-6) a prime number?
True
Is 17932/5 - 36/(-60) a composite number?
True
Is (-1546*42/112)/(6/(-40)) a prime number?
False
Suppose 2*s + 434 = 9900. Is s composite?
False
Suppose -2*g + 42 = 4*g. Is 2/g + 6945/21 a composite number?
False
Let o be (-20)/(-10)*-541*2/(-4). Suppose -f + t + o = 3*t, t = -5*f + 2705. Is f prime?
True
Let h be 6/(-15) + 114*(-4)/(-40). Let w(r) = r**2 + r - 1. Let t(o) = o**2 + 8*o - 14. Let y(g) = -t(g) + 4*w(g). Is y(h) prime?
False
Suppose 5952 = -p - 3*p. Is p/(-32)*(-1 - -3) prime?
False
Suppose 5*k = -4*j + 269443, 39*k = 43*k + 3*j - 215555. Is k prime?
True
Let t = 524 + 1493. Is t a prime number?
True
Let r(m) = 5*m**3 + 3*m**2 - 3*m + 4. Let z(t) = t**3 - t. Let s(i) = -r(i) + 4*z(i). Is s(-9) a prime number?
True
Let c = -1522 - -8525. Is c composite?
True
Let y(i) = 7*i + 60. Let l be y(0). Let v = l - -34. Is v prime?
False
Suppose -13457 = -5*d + 8138. Is d composite?
True
Let f(h) = h**2 + 13*h - 16. Let l(n) = 2*n**3 + n**2 - 3*n - 1. Let z be l(-2). Let p be f(z). Let c = p - -83. Is c a prime number?
False
Let y(c) = 13*c**2 + 2*c - 13. Suppose 0 = 3*x - 5*x + 12. Is y(x) prime?
True
Is 35/(-7) + -2 + 62*544 composite?
False
Suppose -3430 = -10*z + 11400. Is z composite?
False
Let k = 1384 + -713. Let v = k + -262. Is v prime?
True
Suppose 14*w - 127729 = 11*w - 5*k, 3*k + 42595 = w. Is w a composite number?
True
Suppose -l - 2*d = -6*l + 3910, -4*l - 2*d = -3128. Suppose l + 503 = x. Is x composite?
True
Let h = -21 + 21. Suppose 2*a = 0, j - 191 = -h*a + 4*a. Is j composite?
False
Let c(q) be the second derivative of -253*q**5/20 + q**3/6 + q**2/2 - 12*q. Is c(-1) a prime number?
False
Suppose 0 = -f + 2*f + 2. Suppose 117 = -22*c + 29. Is (c + (-9)/f)*1426 a prime number?
False
Is ((-1)/(-3))/(0 + (-7)/(-22029)) a composite number?
False
Let r(d) = 2*d**2 - d. Let x be r(-1). Suppose -l + x*l - 8 = 0. Suppose -3*t = 2*t + 2*w - 645, 528 = l*t + 4*w. Is t a prime number?
True
Let d be (-4)/6 - (-2)/3. Suppose 6 = h + 2*h. Suppose d = r + h*r - 1131. Is r a prime number?
False
Let o(s) = s**2 + 2*s + 602. Let m be o(0). Suppose 0 = n - m - 335. Let q = n - 606. Is q composite?
False
Let q(o) = o**3 - 7*o**2 + 5*o + 9. Let r be q(6). Suppose 4095 = r*n - 4020. Is n prime?
False
Suppose 5*r + 14*r = 101213. Is r a composite number?
True
Let v = 4122 - -1885. Is v a prime number?
True
Let n be -4*(12/16)/(-1). Suppose -730 = -5*p + n*z, 0*p + 2*p = z + 291. Is p prime?
False
Let r = 208 + 6467. Is 1/3 + r/9 + 3 prime?
False
Let z = 2 + 2. Suppose 3*h = n + n - 319, z*h + 432 = -4*n. Let y = h + 176. Is y a prime number?
False
Let w(f) = 3*f - 2. Let o be w(14). Suppose -q = -5*q - o. Is 2/1*(-1055)/q composite?
False
Let q(a) = -407*a + 215. Is q(-6) a prime number?
True
Let i be 679 - ((-3 - -2) + 3). Suppose 17*l - 18*l + i = 0. Is l composite?
False
Let n = 35 + -35. Suppose 2*h + h + 4*p - 725 = n, h + 3*p = 250. Is h a composite number?
True
Let s(a) = -2*a - 3. Let u be s(-3). Suppose -w + 4*l + 0*l - 18 = 0, u*w + 3*l - 6 = 0. Is (-764)/2*w/4 a composite number?
False
Let t be 2/(-11) - 180/(-22). Let c(z) = 3*z - 27. Let h be c(t). Is ((h + 177)*1)/2 prime?
False
Let z be (20 - 21)/(238/(-240) - -1). Suppose 12 = 5*c + 157. Let y = c - z. Is y composite?
True
Is (-9)/(-15)*(-29310)/(-18) a prime number?
True
Is 3747/3 - 6 - 0 composite?
True
Let d be (-1)/(-4) - ((-11)/4)/(-11). Suppose d = -2*w + 5*t + 6385, -2*w + 6425 = -0*w + 3*t. Is w composite?
True
Suppose 5*j - 30 = -0*j. Suppose -5*y = -j*y + 598. Suppose -4*t - 90 + y = 0. Is t prime?
True
Let h be 1/((-2)/8) + -4. Let w(g) = -14 + 3*g**2 - 6*g**3 + 5*g**3 + 0*g**2 + 25 + 4*g. Is w(h) prime?
True
Is ((-109306)/(-34) - -2) + (-16)/(-136) a composite number?
False
Suppose 0 = -u + 4*s - 9, -3*u + 0*u = -5*s + 20. Let k(r) = -287*r - 36. Is k(u) a composite number?
False
Let o = 755 - 1432. Is o/(-1) - ((8 - 0) + -4) composite?
False
Suppose 11481 = 20*v - 13699. Is v composite?
False
Let x(t) = -5*t**2 - 3*t - 4. Let h be x(5). Let y = 41 - h. Is y a composite number?
True
Suppose 5*f - 7675 = 6*r - r, -f - r + 1535 = 0. Is f a prime number?
False
Suppose -2011 + 563 = -c - 5*n, 3*c - 4314 = -5*n. Let o be -1 + 1 - (c - 7). Let k = -759 - o. Is k prime?
False
Suppose -2*t - 2*t - 4 = -3*r, -20 = -3*r - 4*t. Suppose -r*a = -3*d - 0*d + 67, -d = a - 27. Is d a composite number?
True
Suppose 4*t + 5*v - 151829 = -0*v, -2*t = -3*v - 75887. Is t prime?
True
Suppose -5*g = 5, b = 82*g - 87*g + 3486. Is b composite?
False
Suppose -2*g = -2*q - 14, -g + 2*q = 6*q - 12. Let o be 174*3/(36/g). Let a = o + -19. Is a composite?
False
Let l = 106 + 184. Let o = -99 + l. Is o a prime number?
True
Let k(w) = 167*w. Let q(m) = -m + 5. Let h be q(3). Suppose 5*u = -5*v + 10, h*v + u + 2 = 5*v. Is k(v) composite?
False
Suppose 29*u - 101*u + 167976 = 0. Is u a composite number?
False
Let q = 33481 + -10746. Is q prime?
False
Let y(k) be the first derivative of 31*k**4/4 - k**3 - 5*k**2/2 + 2*k - 8. Is y(3) a prime number?
True
Let s = 8131 - 4462. Let r = -1910 + s. Is r a composite number?
False
Suppose -3*k = -7*k. Let m(u) = u**3 - 2 + k*u**3 - u**2 - 3*u**2. Is m(5) a prime number?
True
Let w = -14 - 49. Suppose 6*o + 87 = 3*o. Let x = o - w. Is x a prime number?
False
Let o(t) = 217*t + 72*t**2 + 197*t - 429*t - 10. Is o(7) composite?
False
Let i be (-3)/(12/1312)*1. Let c be (i/6)/((-7)/42). Suppose -4*a + 436 + c = 0. Is a a composite number?
False
Suppose -32*h + 489880 = 8*h. Is h a composite number?
True
Is 5843/1 - (-3)/((-33)/(-44)) prime?
False
Let h(v) = -203*v - 4. Suppose 5*r + 42 = 5*x - 23, -3*r - 35 = -x. Let y be h(r). Suppose -2*j - j = -y. Is j a prime number?
True
Let u(x) = 14 - 13*x - 44 + 12*x + 24*x. Is u(19) prime?
False
Let d(h) = 2824*h - 169. Is d(9) a prime number?
True
Suppose -1 = -4*h + 7. Suppose a - 4*n + 9*n - 249 = 0, a - 240 = 4*n. Suppose -a = -h*t + 518. Is t prime?
False
Suppose 40*o - 5389887 + 859927 = 0. Is o composite?
T